15028. What is the thousands digit of a?
1
Let l be (-75)/((-3)/3) + 0. Let j = 109 - l. What is the tens digit of j?
3
Suppose 3*v + 5*a = 114, -v + 190 = 4*v - a. Let h = v + 53. What is the tens digit of h?
9
Let t(w) = -9*w - 13. Let x(g) = -9*g - 14. Let p(k) = -5*t(k) + 6*x(k). What is the units digit of p(-3)?
8
Suppose 4*y = -0*x + 2*x + 4418, -x + 1097 = y. What is the tens digit of y?
0
Suppose i - 51 + 2 = -3*r, 4*i - r - 209 = 0. Suppose -6*l = -i - 194. What is the units digit of l?
1
Let k(p) = -p**3 - 11*p**2 + 23*p - 46. What is the hundreds digit of k(-15)?
5
Let u(y) = y**3 - 15*y**2 - 4*y + 63. Let r be u(15). Suppose -l = 3*l + 2*p - 238, -r*p + 299 = 5*l. What is the tens digit of l?
5
Let g = 683 - 383. What is the hundreds digit of g?
3
Suppose 0 = h + 4*h - 10. Let u be (1 + -3 - 1)/(-1). Suppose -h*d = -d - u. What is the units digit of d?
3
Let z(q) = 15*q**3 - q**2 + 2*q - 1. Let g be z(1). Let l be g*2/3 - 2. What is the units digit of (-6)/l - (-1195)/20?
9
Let d = -16 + 18. Let i = d + -2. Suppose i*g - 4*x = g - 17, -x = g - 11. What is the units digit of g?
9
Let y(p) = -p + 9. Let w be y(8). Suppose 5*g + i - 2*i + 1145 = 0, 4*i + 1120 = -5*g. What is the tens digit of (w/(-3))/(2/g)?
3
Let u(x) = 3*x + 5. Let o be u(-8). Suppose 0 = -g - 3*j + 26, 3*g + j - 158 = -2*g. Let v = g + o. What is the tens digit of v?
1
What is the tens digit of (-71)/(-1)*(-12)/(-3)?
8
Let c = -9 + 90. Let n = c - 44. What is the tens digit of n?
3
Suppose 6*p + d + 16 = 2*p, 2*d + 7 = -3*p. Let c = p + 116. What is the units digit of c?
1
Let j(u) = 5*u**2 + 9*u + 4. Let i(z) be the second derivative of -z**4/6 - 2*z**3/3 - z**2 + 6*z. Let a(d) = -7*i(d) - 3*j(d). What is the units digit of a(0)?
2
Let h(i) = i**2 - 2*i - 18. Let v be h(6). Suppose -5*r + v*r = 48. What is the units digit of 40/16*r/10?
2
Suppose -w + p - 3*p = -6, -2*w - 5*p + 14 = 0. What is the tens digit of (2/5)/(777/(-390) + w)?
5
Let i(w) = -w**3 - 17*w**2 - 22*w + 14. Let y be i(-16). Suppose -5*b + y = -j, j - 44 = -2*b - 0*b. What is the units digit of b?
2
Let k(u) = -8*u + 19. Let w be k(-10). Suppose 5*b - 5*r = w + 96, 2*b = -r + 69. What is the tens digit of b?
3
Let o = 280 + -67. Let c = o - 121. What is the tens digit of c?
9
Suppose -1194 - 1461 = -5*b. What is the hundreds digit of b?
5
Suppose q + 148 = 4*k - 415, -4*q = -4*k + 560. What is the units digit of k?
1
Suppose 3*t = -2*y + 2240 - 706, 0 = 2*t + 3*y - 1026. What is the units digit of t?
0
Let f = -437 + 1155. What is the hundreds digit of f?
7
Suppose y - 1070 = -509. What is the units digit of y?
1
Suppose 0 = 4*b - 9*b + 15. Let o be b - (5 + 16/(-4)). Suppose 6*f - o*f - 13 = -3*q, -3*f - 6 = 0. What is the units digit of q?
7
Let w(x) = -150*x - 92. What is the units digit of w(-7)?
8
Suppose -3*t + 3*f - 243 = 0, 0 = -4*t + f - 156 - 180. What is the tens digit of ((-952)/t)/((-1)/(-5))?
5
Let b = -126 + 126. Suppose -16*w + 13*w + 894 = b. What is the tens digit of w?
9
Let m = -76 + 46. Suppose -4*o + 126 + 58 = 0. Let p = m + o. What is the tens digit of p?
1
Let f be -1 + 3 + (9 - 6). Suppose 0 = f*p - 20 - 0. Suppose -57 = -3*v - 3*d, 3*v + 2*d - p*d = 67. What is the tens digit of v?
2
Let b = 5469 + -2804. What is the hundreds digit of b?
6
Let f = -467 - -839. What is the tens digit of f?
7
Suppose -6 = 3*f + 3*b, -5*f + 3*b + 18 + 4 = 0. What is the tens digit of 297/4 + f/(-8)?
7
Let q be (-16)/(-10) + (-20)/(-50). Suppose q*p - 27 = 3*p. Let u = p - -57. What is the tens digit of u?
3
What is the tens digit of (5/10)/(10/20080)?
0
Let z(q) = 3*q + 2. Let u be z(-2). What is the units digit of 9/u*(-168)/63?
6
Let i be -5*(3 - (-68)/(-20)). Suppose -i*w = 2*j - 4, j + 0*j = 3*w + 10. What is the units digit of ((-22)/(-33))/(w/(-63))?
1
What is the hundreds digit of ((-16 - 1)*-333)/(-24 + 25)?
6
Suppose 3*c + 4*q = 2*c + 37, 2*q - 190 = -4*c. Suppose -7*f + 70 = -3*f + 2*u, 3*f - 52 = -u. Let b = c - f. What is the tens digit of b?
3
Let d be 23 - (1 + 0 + 0). Let m = d - 4. What is the tens digit of m?
1
Suppose 2*i = -3*r + 12, 0*i - 5 = -r - i. Suppose 0*z + 110 = r*z. What is the units digit of z?
5
What is the tens digit of (-2 - ((-44)/12 - 1))*30?
8
Suppose -7*r = -4*r - 171. Suppose -24 = -3*w + r. What is the tens digit of w?
2
Suppose -p = -5*c - 170, 0 = 2*p - 7*p - 25. Let v = 83 + -139. Let l = c - v. What is the tens digit of l?
2
Let v be 754/10 + (-22)/55. Let z = v - 6. What is the tens digit of z?
6
Suppose 4*t = 3*a - 13, 0*a + 3*a - 23 = 2*t. Let z(p) = p**2 - 6*p - 26. What is the tens digit of z(a)?
2
Suppose 3*k - 4738 = 2*g - 1832, 3*g + 957 = k. What is the tens digit of k?
7
Let b be 54/2 - (9 + -6). Let a = b - 0. What is the units digit of a?
4
Let i be 14/2*(-1)/(-1). What is the tens digit of (i/21)/(1/267)?
8
What is the tens digit of (0 + -1)/(111/(-283827))?
5
Let x = 897 + -319. What is the tens digit of x?
7
Suppose -7430*x + 16608 = -7422*x. What is the thousands digit of x?
2
Let d(a) = a - 2. Let q be d(5). Suppose q*v = 7*v - 8. Suppose v*j = -4 + 22. What is the units digit of j?
9
Let d = 7 - -43. Suppose -s + d = 9. What is the tens digit of s?
4
Suppose -5*m - 18 = -8*m. What is the units digit of ((-129)/m)/((-3)/6)?
3
Let q(s) = 53*s + 34. What is the tens digit of q(14)?
7
Let l = 337 - 139. What is the tens digit of l?
9
Suppose 5*k - 725 = -2*p, 2*k - 3*p - 700 = -3*k. What is the units digit of k/5 + (-4)/(-10)?
9
Suppose -13*u + 12*u = -325. Let z = -210 + u. Suppose -5*p + 10 = -z. What is the units digit of p?
5
Suppose -2 = -c, -4*r - 3*c = -0*r - 742. Suppose 57 = -4*o - 5*n + 225, 4*o = -n + r. What is the tens digit of o?
4
Suppose -35402 = -46*u + 42016. What is the units digit of u?
3
Suppose -5*f - 6 - 4 = -5*o, 3*f - 12 = 0. Let r be (-840)/(-45) - 4/o. Suppose 2*s - 174 - r = -4*c, 4*s = 2*c - 86. What is the units digit of c?
7
Suppose -m - 2*m + 9 = 0. Suppose m*k = k + 204. What is the tens digit of k?
0
Let u = 19 + -19. Suppose 3*a + 2 = 2*a, -2*w + a + 22 = u. What is the units digit of 434/w + (-4)/10?
3
Let j(w) = w**3 - 6*w**2 + 4*w + 3. Let t be j(4). Let d(q) = q**3 + 21*q**2 - 70*q + 20. Let b be d(-24). Let p = t - b. What is the units digit of p?
5
Suppose 5443 + 1215 = 2*j. What is the units digit of j?
9
Let s(o) = 138*o - 119. What is the tens digit of s(11)?
9
Let s = -4 + 6. Suppose 3*f + 6 = -2*t - t, 12 = 2*t - 2*f. Suppose -3*h = -t*z - 42, -s*z = -5*h - 3*z + 70. What is the tens digit of h?
1
Suppose -4*j - 3 = -3*y, -2*j - 9 = 3*y + 6. What is the tens digit of (y - (-1)/1)*-14?
2
Let w(a) = a**2 - 21*a + 28. Let p be w(20). What is the tens digit of p/((-8)/(-45)) + -3?
4
Suppose -3*p = -5*v + 4510, -6*p = -2*p + 20. What is the hundreds digit of v?
8
Let w(a) = 36*a + 64. What is the tens digit of w(7)?
1
Suppose 7*g - 14534 = 12787. What is the hundreds digit of g?
9
Let y(i) = -2*i**3 - 111*i**2 - 59*i + 56. What is the units digit of y(-55)?
6
Let u(y) = y**2 + 2*y + 10. Let n be u(-5). Let v = -11 + n. Suppose -v + 8 = -l. What is the units digit of l?
6
Suppose -16 = -4*f + 8. What is the units digit of (-59)/(-3) + 2/f?
0
Let q(d) = -5*d - 3. Let w be q(6). Let h = -5 - w. What is the tens digit of h?
2
Let s be -4*1*(-1 + 0). Suppose 0 = -3*v + s + 5. What is the units digit of v?
3
Let w be -6*(0 - (-4)/(-3)). Suppose 4 + w = 2*x. Suppose -26 = -x*n + 4*n. What is the tens digit of n?
1
Let p(c) = -4 - 3*c + 3 + 5 + 10. Let v(o) = -o**2 - 3*o + 1. Let z be v(-5). What is the tens digit of p(z)?
4
What is the tens digit of (-1848)/(-32) + ((-2)/8)/(-1)?
5
Let g(n) = -5 + 7 + 1 + 3 + 2*n. Let u be g(-6). Let h = 32 + u. What is the tens digit of h?
2
Let g be (-5)/(20/(-16)) - -2. Let y(k) = -k**2 + 4*k + 8. Let t be y(g). What is the tens digit of (30/1 + t)/2?
1
Let b = -49 + 57. Let h(c) = 16*c - 20. What is the tens digit of h(b)?
0
Suppose -2*y = -4*u + 76, y = -3*u - 4*y + 31. What is the units digit of u?
7
Suppose k + k + 4*o = 782, -4*k + 3*o = -1619. What is the hundreds digit of k?
4
Suppose 0 = -3*y - 11*y. Suppose -g - 15 = -4*g. Suppose y = 3*q - g*q + 112. What is the tens digit of q?
5
Suppose 5*w = -n + 27, 204 = 4*n - 0*n - 4*w. What is the tens digit 